195 and s.
15
Let i be (188*(-4)/(-8))/1. What is the highest common divisor of i and 6?
2
Let v = 1 + -11. Let w = 75 + v. What is the greatest common factor of w and 13?
13
Suppose 28 + 17 = -3*j. Let m be (13/3)/((-5)/j). Let q = 109 - 5. Calculate the highest common divisor of m and q.
13
Suppose 0 = -7*x + 3*x + 192. Suppose 0 = -2*y - 4*y + x. Calculate the highest common factor of y and 2.
2
Suppose -24 = -2*w - 4*w. Suppose 5*l - 1 - 39 = 0. Let f = 0 + l. What is the greatest common divisor of w and f?
4
Let g be -3 + 5 + -5 + 4. What is the greatest common divisor of 1 and g?
1
Let m = 6 + 17. Let u = -215 + 399. What is the greatest common divisor of m and u?
23
Suppose -3*q = q + 52. Let t(h) = -h**2 - 14*h + 5. Let d be t(q). Let m be -3 + d + -2 + 1. Calculate the highest common divisor of 98 and m.
14
Suppose 82 = 3*m + 9*r - 8*r, 4*m + 4*r = 104. Let z = -63 + 91. What is the highest common factor of m and z?
28
Let g(b) = 2*b. Let p be g(-2). Suppose s + 15 = 18. Let f be 3*(-6)/(p + s). Calculate the highest common divisor of 72 and f.
18
Let z = -26 + 17. Let r be (-15)/3*1 + -1. Let y be 6/z + (-118)/r. What is the highest common factor of 152 and y?
19
Let t(q) = q**3 + 3*q + 34. Let u be t(0). What is the greatest common divisor of u and 306?
34
Suppose w + 2*g = 15, -7*w + 2*g + 35 = -6*w. Calculate the greatest common factor of w and 55.
5
Let d be 4/((-24)/(-45))*6. Suppose o = 63 + d. Suppose -3*w + 15*i - 14*i + 31 = 0, -3*i + 15 = 0. Calculate the highest common divisor of o and w.
12
Suppose 38 = 2*u + 4*q, u - 3*q + 2 = 6. Suppose 8 = 2*h + b, -4*h + 5*b + 17 = -u. What is the greatest common divisor of 1 and h?
1
Suppose 2*h - 62 = 120. Suppose -9 - 14 = -w - 3*n, -w - 2*n = -24. Calculate the greatest common divisor of h and w.
13
Let b = 101 - 94. What is the greatest common factor of 77 and b?
7
Suppose 0 = 2*c - 46 + 238. Let w be ((-2460)/c + 3/8)/1. What is the highest common divisor of 117 and w?
13
Suppose 4*v = 27 - 3. Let y(s) = 11*s**2 - 6*s + 10. Let k be y(-2). What is the highest common factor of k and v?
6
Let j(x) = 26*x - 37. Suppose 3*d + 3*p - 36 = -p, -4*p = d - 20. Let c be j(d). What is the highest common divisor of c and 19?
19
Let d be -3*11/((-44)/56). Suppose -6*f + 6 = -d. Let y(g) = -2*g - 6. Let q be y(-5). What is the greatest common factor of f and q?
4
Let b be ((-6)/5)/(2/(-60)). Suppose m + 8*m = b. What is the highest common divisor of m and 2?
2
Let s be 0/(-1) - 22/(-1). Let f = 152 + -108. Suppose -3*h - 5*i = -107, f = 2*h + 2*i - 34. What is the highest common divisor of s and h?
22
Let q = -17 - -26. Suppose -298 = -5*f - 2*x, 3*f - 4*x + q*x = 175. Calculate the greatest common factor of f and 15.
15
Let l = -8465 - -8635. Let c(j) = j**3 - 5*j**2 - j + 4. Let b be c(6). Calculate the greatest common factor of b and l.
34
Let k be 6/(-27) + (-80)/(-36). Suppose 4*a - 35 = -l - a, k*a - 60 = -5*l. What is the greatest common factor of 30 and l?
10
Let t = -813 - -1005. What is the greatest common factor of 72 and t?
24
Let l = 1 - -67. Suppose 4*f + 2*i - 104 = l, -5*i = f - 52. What is the highest common divisor of 28 and f?
14
Let t(o) = -o**3 - 7*o**2 - 8*o + 22. Let l be t(-5). Calculate the highest common divisor of l and 96.
12
Let d = 1357 - 939. What is the greatest common divisor of d and 44?
22
Let i = 135 + -126. Let z = -59 - -265. Suppose 4*s + a - 328 = 0, 3*s - z = -4*a + 53. Calculate the highest common divisor of i and s.
9
Let s(c) be the third derivative of -c**5/60 + 5*c**4/6 - 7*c**3/2 + 14*c**2. Let a be s(15). Calculate the highest common divisor of 6 and a.
6
Let b be 16/(-7) + (-100)/(-350) + 18. Calculate the greatest common divisor of b and 848.
16
Suppose 84*x + 168 = 90*x. What is the greatest common factor of 35 and x?
7
Suppose -20 = -4*m, 3*m = 4*p + 6*m - 711. What is the greatest common divisor of p and 609?
87
Suppose 85 = -8*b + 141. What is the greatest common factor of 5 and b?
1
Let v(r) = -2*r - 11*r - 2 - 1. Let b be (6/(-8))/((-17)/(-68)). Let q be v(b). Calculate the highest common divisor of 90 and q.
18
Let z(a) = 3*a**2 + 4*a + 3. Suppose -5*y - 2 = 13. Let j be z(y). Suppose 0 = -p + 6 + 66. Calculate the highest common divisor of p and j.
18
Let k(g) = 2*g**2 + 21*g - 64. Let d be k(3). What is the greatest common factor of d and 221?
17
Let m = 149 + -143. Calculate the greatest common divisor of 6 and m.
6
Suppose -5*v = -s + 70 + 183, 4*s + 2*v - 946 = 0. What is the greatest common divisor of s and 68?
34
Suppose -o - 199 = -3*u, -3*o + 17 = -3*u + 206. What is the greatest common factor of u and 170?
34
Let t(s) = -3*s - 25. Let n be t(-10). Suppose n*r = 9*r - 76. Calculate the greatest common divisor of 19 and r.
19
Let x(k) = 6*k**2 + 14*k + 4. Let f(w) = 4*w**2 + 9*w + 3. Let c(p) = 8*f(p) - 5*x(p). Let o be c(-4). Calculate the highest common divisor of o and 56.
28
Let y(b) = -b**3 - 4*b**2 + b - 1. Let a be y(-3). Let g = -9 - a. Let h be g + 2 + (-40)/(-4). What is the highest common divisor of h and 128?
16
Let n = 189 + -159. What is the greatest common factor of 12 and n?
6
Suppose 3*y + 5*t = 28, 0 = 4*y - 0*t + 2*t - 42. What is the greatest common divisor of 1 and y?
1
Let x = 1773 - 1696. Let n = 10 + -3. Calculate the greatest common factor of x and n.
7
Let z be (-88)/66*(-90)/1. Calculate the highest common divisor of 150 and z.
30
Suppose 0 = -30*n + 32*n + s - 29, -41 = -3*n - s. What is the greatest common factor of 6852 and n?
12
Let m = 1558 + -1276. What is the greatest common factor of 940 and m?
94
Let x(z) = 5*z + 6. Let a be x(5). Let o = a - 22. Suppose 7*p = 10*p - o. What is the highest common divisor of 1 and p?
1
Suppose -10 = -4*x - 2. Let g be 147 + (-2 + x)/3. Suppose -42 + 0 = -2*t. What is the highest common divisor of t and g?
21
Let z(d) = -17*d**2 + 2*d + 1. Let h = -27 - -26. Let b be z(h). Let x = 68 + b. Calculate the highest common divisor of x and 10.
10
Let d(g) = -g**2 + 47*g + 75. Let p be d(0). Let r(i) = i**2 + 3*i + 5. Let m be r(5). What is the greatest common divisor of p and m?
15
Let c = 292 - 243. Calculate the greatest common divisor of 28 and c.
7
Suppose -5*a - 1030 = -5*p, 4*p - 444 = -3*a + 401. What is the highest common factor of p and 19?
19
Let d = 202 - -238. What is the highest common factor of d and 80?
40
Suppose -5*b + 0*b = -105. Let x be (-1)/((-2)/6)*(-34)/3. Let r = 113 - x. Calculate the greatest common divisor of b and r.
21
Let r be 15/(3/(-8)*-2). Let v = -1710 + 1715. What is the greatest common divisor of v and r?
5
Let s be 8/6 + (-2)/6. Suppose o - k + 81 = 12, k - 285 = 4*o. Let w be o/(-32) + -2 + (-6)/(-8). Calculate the greatest common factor of w and s.
1
Suppose 0 = 4*r - 124 - 56. Let l = 354 + -349. What is the greatest common divisor of r and l?
5
Let r = 20 - 9. Let k(v) = -v + 15. Let h be k(r). Suppose 5*u + 4*g = -0*g + 280, h*u + 5*g - 224 = 0. Calculate the highest common divisor of 14 and u.
14
Let s be (-10)/(-2)*10*1. Suppose -148*x - 330 = -181*x. What is the highest common divisor of x and s?
10
Let x be (2/6)/(5*(-4)/(-6840)). Calculate the highest common factor of 19 and x.
19
Let a(w) = -w**3 + 4*w**2 + 3*w + 2. Let p be a(5). Let b(c) = -c**2 - 11*c - 15 - 2*c + 5. Let n be b(p). What is the highest common factor of 20 and n?
10
Let b = -32 - -39. Suppose -b*j + 638 = 64. Calculate the highest common factor of j and 123.
41
Suppose 175 = -4*r + 499. What is the highest common divisor of r and 9?
9
Let q be -2 - (0 + -4 - 45*2). Calculate the greatest common factor of q and 230.
46
Let m be (-4)/(-22) - (-240)/11. Suppose -4*z + m = 3*r, -z + 29 = 5*r - 2*z. What is the highest common factor of r and 42?
6
Suppose -2*i + 5*h + 70 = 3*h, -5*i - 4*h + 148 = 0. Calculate the highest common factor of i and 128.
32
Let w = 1233 - 1098. Calculate the highest common factor of w and 5.
5
Let u = 979 + -923. Let k be (-190)/(-6) + 2/(-3). Suppose 5*x - h + 2*h = k, -2*x - 2*h + 6 = 0. Calculate the greatest common factor of x and u.
7
Let o(m) = 10*m**2. Let t be o(2). Let z(w) = 5*w**2 - w - 4. Let q be z(4). Let p = q + -12. What is the highest common divisor of p and t?
20
Let m be (-14)/(-4) - (-3)/(-2). Suppose 3*r 